{"id":1443,"date":"2012-01-25T15:57:16","date_gmt":"2012-01-25T15:57:16","guid":{"rendered":"https:\/\/klaava.fi\/?page_id=1443"},"modified":"2024-11-04T14:04:47","modified_gmt":"2024-11-04T12:04:47","slug":"kansainvalisten-suhteiden-kaannekohtia-soile-varis","status":"publish","type":"page","link":"https:\/\/klaava.fi\/?page_id=1443","title":{"rendered":"Kansainv\u00e4listen suhteiden k\u00e4\u00e4nnekohtia"},"content":{"rendered":"<h2>Kansainv\u00e4listen suhteiden k\u00e4\u00e4nnekohtia &#8211; Maailmanpolitiikan keskeiset vaiheet 1800-luvulta 2000-luvulle<\/h2>\n<p><img decoding=\"async\" class=\"alignleft\" src=\"https:\/\/klaava.fi\/media\/kannet\/kansi-kvsuhteet-180.jpg\" alt=\"E-kirja: Kansainv\u00e4listen suhteiden k\u00e4\u00e4nnekohtia\"><\/p>\n<p><strong>EI SAATAVILLA<\/strong><\/p>\n<p>Kirjoittaja: Soile Varis<br \/>\nKustantaja: Klaava&nbsp;<br \/>\nJulkaistu: Tammikuu 2012<br \/>\nISBN:<br \/>\n978-952-5901-19-1 (EPUB)<br \/>\n978-952-7074-04-6 (Amazon Kindle)<\/p>\n<p>Maailmanpolitiikan keskeiset vaiheet 1800-luvulta 2000-luvulle.<\/p>\n<p>Kansainv\u00e4listen suhteiden k\u00e4\u00e4nnekohtia kuvaa kaikki t\u00e4rke\u00e4t maailmanpoliittiset vaiheet 1800-luvulta aina 2000\u2013luvulle. Kansainv\u00e4lisess\u00e4 politiikassa on runsaasti k\u00e4\u00e4nteit\u00e4, jotka ovat aiheutuneet niin taloudellisesta, aatteellisesta kuin valtapoliittisestakin kilpailusta ja siten muokanneet maailman valtasuhteita.<\/p>\n<p>Tiiviiss\u00e4 muodossa esitetyn ja runsaasti kuvitetun teoksen keskeisi\u00e4 teemoja ovat imperialismin aika, ensimm\u00e4inen maailmansota, demokratian ja diktatuurin kriisi Euroopassa, toinen maailmansota, monella rintamalla k\u00e4yty kylm\u00e4 sota, Neuvostoliiton ja sen imperiumin hajoaminen sek\u00e4 monet muut maailmaa muuttaneet kriisit L\u00e4hi-id\u00e4ss\u00e4, Aasiassa ja Afrikassa.<\/p>\n<h2>Kirjan sis\u00e4llysluettelo<\/h2>\n<p>1. Kohti kansainv\u00e4list\u00e4 politiikkaa<br \/>\n2. Suurvaltojen ylivaltapyrkimykset<br \/>\n3. Maailmansotien v\u00e4linen aika<br \/>\n4. Toinen maailmansota<br \/>\n5. Kylm\u00e4 sota<br \/>\n6. Kolmas maailma<br \/>\n7. Uuden ep\u00e4varmuuden aika<\/p>\n<p><!--\n\n\n<h2>Osta kirja<\/h2>\n\n\nSaat koko kirjan heti luettavaksi n\u00e4ist\u00e4 kaupoista:\n\n<strong><a href=\"http:\/\/www.amazon.com\/Kansainv%C3%A4listen-suhteiden-k%C3%A4%C3%A4nnekohtia-Maailmanpolitiikan-1800-luvulta-ebook\/dp\/B00KPUSME6\/\">Amazon.com<\/a><\/strong> ja maakohtaiset Amazon-kaupat.\n<strong>Apple iBookstore<\/strong> -kauppa on k\u00e4ytett\u00e4viss\u00e4 iPad, iPhone tai iPod Touch -laitteilla.\n<strong><a href=\"http:\/\/itunes.apple.com\/fi\/book\/kansainvalisten-suhteiden\/id500482996?mt=11\">Apple iTunes<\/a><\/strong> -kaupassa voit katsoa kirjan tiedot ja ladata ilmaisen n\u00e4ytteen.\n<strong><a href=\"http:\/\/kirja.elisa.fi\/ekirja\/kansainvalisten-suhteiden-kaannekohtia\">Elisa Kirja<\/a><\/strong> (EPUB)\n<strong><a href=\"http:\/\/www.elibris.fi\/kansainvalisten-suhteiden-kaannekohtia-p-95483.html?osCsid=c3b69f9741441a0cc6bef612a1b41eb6\">Elibris<\/a><\/strong> (EPUB)\n<strong><a href=\"http:\/\/www.ellibs.com\/fi\/book\/978-952-5901-19-1\">Ellibs<\/a><\/strong> (EPUB)\n<strong><a href=\"https:\/\/play.google.com\/store\/books\/details\/Soile_Varis_Kansainv\u00e4listen_suhteiden_k\u00e4\u00e4nnekohtia?id=yUlOAgAAQBAJ\">Google Play Kirjat<\/a><\/strong> (EPUB)\n<strong><a href=\"http:\/\/www.kobobooks.com\/ebook\/Kansainv%C3%A4listen-suhteiden-k%C3%A4%C3%A4nnekohtia\/book-uHMKQcTOSEC7h0uJvTwYHg\/page1.html?s=QXiPd-3_W0K61ZdzPnHPJA&amp;r=5\">Kobo<\/a><\/strong> (EPUB)\n\n--><\/p>\n","protected":false},"excerpt":{"rendered":"<table border=\"0\">\n<tr>\n<td >\n<img decoding=\"async\" src=\"https:\/\/klaava.fi\/media\/kannet\/kansi-kvsuhteet-180.jpg\" alt=\"E-kirja: Kansainv\u00e4listen suhteiden k\u00e4\u00e4nnekohtia\" \/>\n<\/td>\n<td valign=\"top\">\n<h2>Kansainv\u00e4listen suhteiden k\u00e4\u00e4nnekohtia &#8211; Maailmanpolitiikan keskeiset vaiheet 1800-luvulta 2000-luvulle<\/h2>\n<p>Kirjoittaja: Soile Varis<br \/>\nKustantaja: Klaava Media<br \/>\nJulkaistu: Tammikuu 2012<br \/>\nISBN:<br \/>\n978-952-5901-19-1 (EPUB)<br \/>\n978-952-7074-04-6 (Amazon Kindle)<\/p>\n<p><a href=\"http:\/\/www.flickr.com\/photos\/klaavamedia\/6760694843\/\">Suurikokoinen kansikuva l\u00f6ytyy t\u00e4\u00e4lt\u00e4<\/a>.\n<\/td>\n<\/tr>\n<\/table>\n","protected":false},"author":2,"featured_media":0,"parent":0,"menu_order":0,"comment_status":"closed","ping_status":"closed","template":"","meta":{"footnotes":""},"class_list":["post-1443","page","type-page","status-publish","hentry"],"_links":{"self":[{"href":"https:\/\/klaava.fi\/index.php?rest_route=\/wp\/v2\/pages\/1443","targetHints":{"allow":["GET"]}}],"collection":[{"href":"https:\/\/klaava.fi\/index.php?rest_route=\/wp\/v2\/pages"}],"about":[{"href":"https:\/\/klaava.fi\/index.php?rest_route=\/wp\/v2\/types\/page"}],"author":[{"embeddable":true,"href":"https:\/\/klaava.fi\/index.php?rest_route=\/wp\/v2\/users\/2"}],"replies":[{"embeddable":true,"href":"https:\/\/klaava.fi\/index.php?rest_route=%2Fwp%2Fv2%2Fcomments&post=1443"}],"version-history":[{"count":1,"href":"https:\/\/klaava.fi\/index.php?rest_route=\/wp\/v2\/pages\/1443\/revisions"}],"predecessor-version":[{"id":7921,"href":"https:\/\/klaava.fi\/index.php?rest_route=\/wp\/v2\/pages\/1443\/revisions\/7921"}],"wp:attachment":[{"href":"https:\/\/klaava.fi\/index.php?rest_route=%2Fwp%2Fv2%2Fmedia&parent=1443"}],"curies":[{"name":"wp","href":"https:\/\/api.w.org\/{rel}","templated":true}]}}