{"id":22,"date":"2009-07-26T13:29:39","date_gmt":"2009-07-26T13:29:39","guid":{"rendered":"https:\/\/klaava.fi\/?page_id=22"},"modified":"2025-01-09T16:19:17","modified_gmt":"2025-01-09T14:19:17","slug":"kayttoehdot","status":"publish","type":"page","link":"https:\/\/klaava.fi\/?page_id=22","title":{"rendered":"K\u00e4ytt\u00f6ehdot"},"content":{"rendered":"<p>Tervetuloa Klaava.fi-palveluun (&#8221;Palvelu&#8221;) josta l\u00f6yd\u00e4t uutisia ja asiaa kirjallisuutta, kulttuuria ja mediaa koskien. Palvelun tuottaa <a href=\"https:\/\/andalys.fi\/\">Andalys<\/a>.<\/p>\n<p>Voit lukea ja katsella Palvelussa julkaistua aineistoa ilman rekister\u00f6inti\u00e4.<\/p>\n<p>N\u00e4m\u00e4 k\u00e4ytt\u00f6ehdot koskevat sek\u00e4 rekister\u00f6ityneit\u00e4 k\u00e4ytt\u00e4ji\u00e4 (&#8221;K\u00e4ytt\u00e4j\u00e4&#8221;) ett\u00e4 ilman rekister\u00f6inti\u00e4 Palvelua k\u00e4ytt\u00e4vi\u00e4 henkil\u00f6it\u00e4.<\/p>\n<p>1. K\u00e4ytt\u00e4j\u00e4lle tarjottava Palvelu<\/p>\n<p>K\u00e4ytt\u00e4j\u00e4 saa oikeuden k\u00e4ytt\u00e4\u00e4 Palvelua n\u00e4iden k\u00e4ytt\u00f6ehtojen mukaisesti.<\/p>\n<p>K\u00e4ytt\u00e4j\u00e4 voi katsella ja selailla Palvelussa julkaistua aineistoa ja julkaista itse tuottamaansa aineistoa t\u00e4ss\u00e4 sopimuksessa tarkemmin m\u00e4\u00e4ritellyin rajoituksin.<\/p>\n<p>K\u00e4ytt\u00e4j\u00e4 saa k\u00e4ytt\u00e4\u00e4 Palvelua vain omiin tarkoituksiinsa. K\u00e4ytt\u00e4j\u00e4 ei saa valmistaa tai valmistuttaa Palvelun sis\u00e4ll\u00f6st\u00e4 kappaleita (kopioita) eik\u00e4 levitt\u00e4\u00e4 sen sis\u00e4lt\u00f6\u00e4 tai sen osaa yleis\u00f6n saataville ilman tuottajan kirjallista suostumusta. K\u00e4ytt\u00e4j\u00e4ll\u00e4 on kuitenkin oikeus lainata Palvelun sis\u00e4lt\u00f6\u00e4 lain salliessa, jolloin K\u00e4ytt\u00e4j\u00e4 on velvollinen mainitsemaan l\u00e4hteen hyv\u00e4n tavan mukaisesti.<\/p>\n<p>K\u00e4ytt\u00e4j\u00e4 sitoutuu siihen, ettei tallenna Palveluun tai sen kautta aineistoa, joka on hyv\u00e4n tavan tai lain vastaista sek\u00e4 siihen, ettei h\u00e4n yllyt\u00e4 toista t\u00e4llaiseen toimintaan. K\u00e4ytt\u00e4j\u00e4 sitoutuu my\u00f6s olemaan tallentamatta Palveluun tai sen kautta tekij\u00e4noikeuden, tavaramerkkioikeuden tai muun immateriaalioikeuden suojaamaa aineistoa, jollei h\u00e4nell\u00e4 ole siihen oikeudenhaltijan lupaa.<\/p>\n<p>Palvelun toimituksella on oikeus est\u00e4\u00e4 edell\u00e4 tarkoitetun luvattoman aineiston julkaisu Palvelussa tai poistaa sellainen aineisto Palvelusta. K\u00e4ytt\u00e4j\u00e4 vastaa luvattoman aineiston oikeudenhaltijoiden tai muiden kolmansien sen perusteella esitt\u00e4mist\u00e4 korvaus- ja muista vaatimuksista.<\/p>\n<p>Klaava.fi:n toimituksella on oikeus est\u00e4\u00e4 K\u00e4ytt\u00e4j\u00e4lt\u00e4 Palvelun k\u00e4ytt\u00f6, mik\u00e4li h\u00e4n k\u00e4ytt\u00e4\u00e4 Palvelua luvattoman aineiston levitt\u00e4miseen tai muutoin hyv\u00e4n tavan tai lain vastaisesti.<\/p>\n<p>2. Henkil\u00f6tiedot<\/p>\n<p>M\u00e4\u00e4r\u00e4tyt toiminnot Palvelussa edellytt\u00e4v\u00e4t K\u00e4ytt\u00e4j\u00e4n rekister\u00f6itymist\u00e4 ja joidenkin h\u00e4nen henkil\u00f6tietojen tallentamista Palveluun. K\u00e4ytt\u00e4j\u00e4n tulee antaa Palvelun k\u00e4yt\u00f6n edellytt\u00e4m\u00e4t tarpeelliset henkil\u00f6- ja muut tiedot. Palvelulla on oikeus k\u00e4sitell\u00e4 K\u00e4ytt\u00e4j\u00e4n henkil\u00f6tietoja rekisteriselosteessa tarkemmin kuvatuin tavoin. K\u00e4ytt\u00e4j\u00e4n luovuttamat tiedot tallennetaan Palvelun k\u00e4ytt\u00e4j\u00e4rekisteriin. Rekisterist\u00e4 on olemassa erillinen <a href=\"https:\/\/klaava.fi\/?page_id=10\">rekisteriseloste<\/a>.<\/p>\n<p>K\u00e4ytt\u00e4j\u00e4 on tietoinen siit\u00e4, ett\u00e4 muut rekister\u00f6ityneet K\u00e4ytt\u00e4j\u00e4t voivat tarkastella h\u00e4nen Palveluun tallentamia henkil\u00f6tietojaan.<\/p>\n<p>Palvelu ei luovuta K\u00e4ytt\u00e4j\u00e4n tietoja muille tahoille ilman eri lupaa muuten kuin viranomaisten vaatimuksesta. K\u00e4ytt\u00e4j\u00e4ll\u00e4 on oikeus kielt\u00e4\u00e4 henkil\u00f6tietojensa k\u00e4sittely suoramainontaa, et\u00e4myynti\u00e4 tai muuta suoramarkkinointia varten. Palvelulla on oikeus l\u00e4hett\u00e4\u00e4 K\u00e4ytt\u00e4j\u00e4lle markkinointiviestej\u00e4, mik\u00e4li K\u00e4ytt\u00e4j\u00e4 on rekister\u00f6ityess\u00e4\u00e4n antanut t\u00e4h\u00e4n suostumuksensa.<\/p>\n<p>Palvelun k\u00e4yt\u00f6n tilastointia ja seuraamista varten K\u00e4ytt\u00e4j\u00e4n tietokoneelle tallennetaan ev\u00e4ste-tiedostoja (&#8221;cookies&#8221;). Ev\u00e4steill\u00e4 ker\u00e4t\u00e4\u00e4n muun muassa tietoa mit\u00e4 Palvelun sivuja K\u00e4ytt\u00e4j\u00e4t ovat avanneet ja milloin, teknist\u00e4 tietoa laitteistosta, milt\u00e4 sivustolta Klaava.fi-sivuille on siirrytty, ja tietokoneen yksil\u00f6iv\u00e4 IP-osoite. Vaikka yksil\u00f6iv\u00e4\u00e4 tietoa k\u00e4ytt\u00e4jist\u00e4 ei luovutetakaan ulkopuolisille, Palvelu voi luovuttaa ei-yksil\u00f6iv\u00e4\u00e4 tilastotietoa yhteisty\u00f6kumppaneille.<\/p>\n<p>Palvelu voi k\u00e4ytt\u00e4\u00e4 ulkopuolisia yrityksi\u00e4 mainosten n\u00e4ytt\u00e4miseen K\u00e4ytt\u00e4jille. N\u00e4m\u00e4 yritykset saattavat my\u00f6s tallentaa ev\u00e4steit\u00e4 K\u00e4ytt\u00e4j\u00e4n tietokoneelle voidakseen valita h\u00e4nelle n\u00e4ytett\u00e4v\u00e4t mainokset.<\/p>\n<p>3. K\u00e4ytt\u00e4j\u00e4tunnus ja salasana<\/p>\n<p>K\u00e4ytt\u00e4j\u00e4 vastaa k\u00e4ytt\u00e4j\u00e4tunnuksensa ja salasanansa s\u00e4ilytt\u00e4misest\u00e4 siten etteiv\u00e4t ne p\u00e4\u00e4dy ulkopuolisten tietoon. K\u00e4ytt\u00e4j\u00e4 vastaa h\u00e4nen tunnuksiensa k\u00e4yt\u00f6st\u00e4 ja siit\u00e4 mahdollisesti aiheutuvista kustannuksista tai maksuista.<\/p>\n<p>K\u00e4ytt\u00e4j\u00e4 on velvollinen ilmoittamaan Palveluun k\u00e4ytt\u00e4j\u00e4tunnuksensa tai salasanansa katoamisesta tai joutumisesta jonkun muun tietoon. Ilmoitus tehd\u00e4\u00e4n s\u00e4hk\u00f6postilla osoitteeseen contact@klaava.fi. K\u00e4ytt\u00e4j\u00e4 voi saada kadonneen k\u00e4ytt\u00e4j\u00e4tunnuksen ja salasanan tilalle uudet tunnukset. K\u00e4ytt\u00e4j\u00e4n oikeudet k\u00e4ytt\u00e4\u00e4 Palvelua voidaan siin\u00e4 tapauksessa siirt\u00e4\u00e4 uudelle tunnukselle ja salasanalle. Palvelulla on oikeus peri\u00e4 K\u00e4ytt\u00e4j\u00e4lt\u00e4 muutoksista ja siirrosta kohtuullinen korvaus.<\/p>\n<p>Palvelulla on oikeus muuttaa K\u00e4ytt\u00e4j\u00e4n k\u00e4ytt\u00e4j\u00e4tunnus tai salasana ja muut mahdolliset tunnukset, jos tekniset tai muut syyt niin edellytt\u00e4v\u00e4t. Andalys ei ole tunnusten muuttumisesta korvausvelvollinen.<\/p>\n<p>Palvelulla on oikeus est\u00e4\u00e4 K\u00e4ytt\u00e4j\u00e4\u00e4 kirjautumasta Palveluun tunnuksellaan ja oikeus poistaa mik\u00e4 tahansa k\u00e4ytt\u00e4j\u00e4tunnus j\u00e4rjestelm\u00e4st\u00e4.<\/p>\n<p>4. K\u00e4ytt\u00e4j\u00e4n Palveluun toimittama aineisto<\/p>\n<p>K\u00e4ytt\u00e4j\u00e4 antaa Andalysille oikeuden julkaista Palveluun toimittamansa aineisto kokonaan tai osittain, sellaisenaan tai Toimituksen muuttamana. Klaava.fi:ll\u00e4 ei ole kuitenkaan velvollisuutta julkaista K\u00e4ytt\u00e4j\u00e4n toimittamaa aineistoa.<\/p>\n<p>K\u00e4ytt\u00e4j\u00e4 vastaa siit\u00e4, ett\u00e4 julkaistavaksi l\u00e4hetett\u00e4v\u00e4 aineisto ei loukkaa kenenk\u00e4\u00e4n tekij\u00e4noikeutta, tavaramerkkioikeutta tai muuta immateriaalioikeutta. Aineisto ei saa olla loukkaavaa tai lainvastaista. K\u00e4ytt\u00e4j\u00e4ll\u00e4 on oltava oikeus antaa aineisto Palveluun julkaistavaksi. K\u00e4ytt\u00e4j\u00e4 vastaa l\u00e4hett\u00e4m\u00e4ns\u00e4 aineiston k\u00e4ytt\u00f6\u00f6n mahdollisesti liittyvist\u00e4 korvaus- ja muista vaatimuksista.<\/p>\n<p>Palvelu ei sitoudu s\u00e4ilytt\u00e4m\u00e4\u00e4n eik\u00e4 palauttamaan K\u00e4ytt\u00e4j\u00e4n Palveluun toimittamaa aineistoa.<\/p>\n<p>Andalys ei ilman eri sopimusta maksa julkaisemisesta palkkiota tai muuta korvausta.<\/p>\n<p>5. Tekij\u00e4noikeudet<\/p>\n<p>Tekij\u00e4noikeudet K\u00e4ytt\u00e4j\u00e4n itsens\u00e4 tuottamaan ja Palvelussa julkaisemaansa aineistoon s\u00e4ilyy K\u00e4ytt\u00e4j\u00e4ll\u00e4.<\/p>\n<p>Kaikissa tilanteissa K\u00e4ytt\u00e4j\u00e4 my\u00f6nt\u00e4\u00e4 Andalysille oikeuden korvauksetta julkaista Palveluun l\u00e4hett\u00e4m\u00e4ns\u00e4 aineiston kokonaan tai osittain. Lis\u00e4ksi Andalysill\u00e4 on oikeus muokata, lainata ja k\u00e4ytt\u00e4\u00e4 korvauksetta K\u00e4ytt\u00e4j\u00e4n Palveluun l\u00e4hett\u00e4m\u00e4\u00e4 aineistoa omassa julkaisutoiminnassaan ilman K\u00e4ytt\u00e4j\u00e4n erillist\u00e4 suostumusta.<\/p>\n<p>Palvelun sis\u00e4lt\u00f6 on suojattu tekij\u00e4noikeuslain, kansainv\u00e4listen sopimusten sek\u00e4 muiden immateriaalioikeuksia koskevien lakien mukaisesti. Palvelun kaikki oikeudet, mukaan lukien tekij\u00e4noikeudet, ovat Andalysill\u00e4, ellei muuta ole ilmoitettu.<\/p>\n<p>Palvelun sivuilla julkaistuja kirjoituksia, kuvia, muuta materiaalia tai niiden osia ei saa kopioida, levitt\u00e4\u00e4, julkaista tai muuten saattaa yleis\u00f6n saataviin kokonaan tai osittain ilman kirjallista suostumusta.<\/p>\n<p>6. Ohjelmat ja tietoliikenneyhteydet<\/p>\n<p>Palvelun k\u00e4ytt\u00f6 edellytt\u00e4\u00e4 K\u00e4ytt\u00e4j\u00e4lt\u00e4 tietokonelaitteistoa ja tietoliikenneyhteyksi\u00e4, joista aiheutuvat kustannukset maksaa K\u00e4ytt\u00e4j\u00e4. K\u00e4ytt\u00e4j\u00e4 vastaa oman tietoj\u00e4rjestelm\u00e4ns\u00e4 tietoturvan asianmukaisesta hoitamisesta. K\u00e4ytt\u00e4j\u00e4n tietoj\u00e4rjestelm\u00e4 ei saa aiheuttaa h\u00e4iri\u00f6t\u00e4 tai muuta haittaa Palvelulle tai muille verkon k\u00e4ytt\u00e4jille.<\/p>\n<p>Andalys j\u00e4rjest\u00e4\u00e4 Palvelun tietoturvan yleisesti hyv\u00e4ksytt\u00e4v\u00e4ll\u00e4 tavalla, pyrkien teknisin ratkaisuin est\u00e4m\u00e4\u00e4n asiattomien p\u00e4\u00e4syn tietoj\u00e4rjestelmiins\u00e4. Andalys ei kuitenkaan voi taata tietoj\u00e4rjestelmiens\u00e4 t\u00e4ydellist\u00e4 tietoturvaa. Andalys ei vastaa mahdollisista vahingoista, jotka aiheutuvat K\u00e4ytt\u00e4j\u00e4n tietokonej\u00e4rjestelm\u00e4lle tai siin\u00e4 oleville tiedoille mukaan lukien tietoturvariskit, kuten virukset, tietovarkaudet, tietokoneen kaappaus rikollisiin tarkoituksiin tai vastaaviin.<\/p>\n<p>7. Palvelun tuottajan vastuu<\/p>\n<p>Klaava.fi:n toimitus vastaa Palvelun toimituksellisesta sis\u00e4ll\u00f6st\u00e4, mutta ei takaa Palvelun tai sen osien oikeellisuutta tai toimintavarmuutta.<\/p>\n<p>Palvelun toimituksella on oikeus lis\u00e4t\u00e4, muuttaa ja poistaa osia Palvelusta sek\u00e4 mahdollisesti muuttaa Palvelun maksuttomia osioita maksullisiksi. Andalysill\u00e4 on oikeus lopettaa palvelun tarjoaminen asiakkaille osittain tai kokonaan.<\/p>\n<p>Klaava.fi ei vastaa k\u00e4ytt\u00e4jien Palvelussa julkaisemista mielipiteist\u00e4. Palvelun k\u00e4ytt\u00e4jien mielipiteet eiv\u00e4t v\u00e4ltt\u00e4m\u00e4tt\u00e4 edusta Toimituksen kantaa.<\/p>\n<p>Andalys ei vastaa Palvelussa olevan virheellisen, puutteellisen tai tulkinnanvaraisen tiedon k\u00e4ytt\u00e4misest\u00e4 mahdollisesti aiheutuvista vahingoista. Palvelussa annettavia tietoja, ohjeita tai neuvoja ei ole tarkoitettu sitoviksi tiedoiksi, ohjeiksi tai neuvoksi. Niiden perusteella ei voi esitt\u00e4\u00e4 Andalysi\u00e4 tai muuta palveluntarjoajaa kohtaan vaatimuksia.<\/p>\n<p>Palvelun sivuilla saattaa olla linkkej\u00e4 muiden palveluntarjoajien yll\u00e4pit\u00e4mille sivuille. Toimitus ei vastaa ulkopuolisten yll\u00e4pit\u00e4mien tai julkaisemien sivujen sis\u00e4ll\u00f6n lainmukaisuudesta tai oikeellisuudesta.<\/p>\n<p>Andalys pyrkii tarjoamaan mahdollisimman h\u00e4iri\u00f6tt\u00f6m\u00e4n ja sujuvan Palvelun, mutta ei vastaa eik\u00e4 ole korvausvelvollinen Palvelussa mahdollisesti esiintyvist\u00e4 h\u00e4iri\u00f6ist\u00e4 ja katkoista.<\/p>\n<p>8. Vahingonkorvausvelvollisuus<\/p>\n<p>K\u00e4ytt\u00e4j\u00e4 on velvollinen korvaamaan Andalysille k\u00e4ytt\u00f6ehtojen vastaisen tai lain vastaisen k\u00e4yt\u00f6n aiheuttamat vahingot.<\/p>\n<p>Andalys ei ole velvollinen korvaamaan Palvelun k\u00e4yt\u00f6st\u00e4 K\u00e4ytt\u00e4j\u00e4lle mahdollisesti aiheutuvia vahinkoja.<\/p>\n<p>9. Ylivoimainen este<\/p>\n<p>Force majeure, kuten ty\u00f6taistelu, tulipalo, luonnonkatastrofi, tietoliikenneh\u00e4iri\u00f6, viranomaism\u00e4\u00e4r\u00e4ys tai muu osapuolista riippumaton ylivoimainen este vapauttaa sopijaosapuolen noudattamasta sopimusta, kunnes velvoitteiden t\u00e4ytt\u00e4misen edellytykset on pystytty palauttamaan.<\/p>\n<p>10. Muut ehdot<\/p>\n<p>Andalysill\u00e4 on oikeus siirt\u00e4\u00e4 Palvelu, sen yll\u00e4pit\u00e4minen ja siihen liittyv\u00e4t asiakkuudet toiselle yhti\u00f6lle. Palvelua koskevat mahdolliset erimielisyydet ratkaistaan Helsingin k\u00e4r\u00e4j\u00e4oikeudessa Suomen lain mukaan.<\/p>\n<p>Klaava.fi-palvelun k\u00e4ytt\u00f6ehdot julkaistu 27.7.2009 ja p\u00e4ivitetty 29.5.2015, 25.4.2018 ja 16.6.2019.<\/p>\n","protected":false},"excerpt":{"rendered":"<p>Tervetuloa Klaava.fi-palveluun (&#8221;Palvelu&#8221;) josta l\u00f6yd\u00e4t asiaa ja mielipiteit\u00e4 viihteen, kulttuurin ja taiteen aloilta. Palvelun tuottaa Andalys Oy.<\/p>\n<p>Voit lukea ja katsella Palvelussa julkaistua aineistoa ilman rekister\u00f6inti\u00e4. Kun rekister\u00f6idyt, voit julkaista Palvelussa omia kirjoituksiasi annettujen ohjeiden ja s\u00e4\u00e4nt\u00f6jen mukaan. N\u00e4iden sitovien k\u00e4ytt\u00f6ehtojen lis\u00e4ksi keskusteluun osallistuvien tulee noudattaa hyvi\u00e4 tapoja ja lakeja.<\/p>\n<p>N\u00e4m\u00e4 k\u00e4ytt\u00f6ehdot koskevat sek\u00e4 rekister\u00f6ityneit\u00e4 k\u00e4ytt\u00e4ji\u00e4 (&#8221;K\u00e4ytt\u00e4j\u00e4&#8221;) ett\u00e4 ilman rekister\u00f6inti\u00e4 Palvelua k\u00e4ytt\u00e4vi\u00e4 henkil\u00f6it\u00e4. <\/p>\n","protected":false},"author":2,"featured_media":0,"parent":0,"menu_order":0,"comment_status":"closed","ping_status":"closed","template":"","meta":{"footnotes":""},"class_list":["post-22","page","type-page","status-publish","hentry"],"_links":{"self":[{"href":"https:\/\/klaava.fi\/index.php?rest_route=\/wp\/v2\/pages\/22","targetHints":{"allow":["GET"]}}],"collection":[{"href":"https:\/\/klaava.fi\/index.php?rest_route=\/wp\/v2\/pages"}],"about":[{"href":"https:\/\/klaava.fi\/index.php?rest_route=\/wp\/v2\/types\/page"}],"author":[{"embeddable":true,"href":"https:\/\/klaava.fi\/index.php?rest_route=\/wp\/v2\/users\/2"}],"replies":[{"embeddable":true,"href":"https:\/\/klaava.fi\/index.php?rest_route=%2Fwp%2Fv2%2Fcomments&post=22"}],"version-history":[{"count":2,"href":"https:\/\/klaava.fi\/index.php?rest_route=\/wp\/v2\/pages\/22\/revisions"}],"predecessor-version":[{"id":8050,"href":"https:\/\/klaava.fi\/index.php?rest_route=\/wp\/v2\/pages\/22\/revisions\/8050"}],"wp:attachment":[{"href":"https:\/\/klaava.fi\/index.php?rest_route=%2Fwp%2Fv2%2Fmedia&parent=22"}],"curies":[{"name":"wp","href":"https:\/\/api.w.org\/{rel}","templated":true}]}}