{"id":2567,"date":"2015-08-04T17:14:44","date_gmt":"2015-08-04T14:14:44","guid":{"rendered":"http:\/\/klaava.fi\/?page_id=2567"},"modified":"2015-08-04T17:14:44","modified_gmt":"2015-08-04T14:14:44","slug":"vanhan-liiton-mies","status":"publish","type":"page","link":"https:\/\/klaava.fi\/?page_id=2567","title":{"rendered":"Vanhan liiton mies"},"content":{"rendered":"<h2>Vanhan liiton mies<\/h2>\n<p><img decoding=\"async\" class=\"alignleft\" src=\"https:\/\/klaava.fi\/media\/kannet\/kansi-vanhanliitonmies-180.png\" alt=\"Lataa ja lue e-kirja: vanhan liiton mies\" width=\"180\" \/><\/p>\n<p><strong>EI SAATAVILLA<\/strong><\/p>\n<p>Kirjoittaja: <a href=\"https:\/\/klaava.fi\/?page_id=1708\">Kari Ojala<\/a><br \/>\nJulkaistu: Elokuu 2015<br \/>\nE-kirjan julkaisija: Klaava<br \/>\nKustantaja: Etukeno Oy<br \/>\nISBN:<br \/>\n978-952-67354-4-3 (EPUB)<br \/>\n978-952-7074-49-7 (Apple EPUB)<br \/>\n978-952-7074-48-0 (Amazon Kindle)<\/p>\n<p><a href=\"https:\/\/flic.kr\/p\/vXKBjJ\">Suurikokoinen kansikuva t\u00e4st\u00e4<\/a>.<\/p>\n<p><b>Kun mies ei en\u00e4\u00e4 kest\u00e4.<\/b><\/p>\n<p>T\u00f6yht\u00f6p\u00e4iset nulikat ja projektijohannat touhottavat ty\u00f6paikalla, tymp\u00e4\u00e4ntynyt vaimo tyrkkii kotona kasvoihin. Tyhj\u00e4st\u00e4 meuhkaajat t\u00e4ytt\u00e4v\u00e4t median ja ainutkertaista ihmisel\u00e4m\u00e4\u00e4 haaskataan kissavideoiden katseluun. Mit\u00e4\u00e4n ei tehd\u00e4 kunnolla eik\u00e4 loppuun.<\/p>\n<p>Vanhan liiton mies saa tarpeekseen. T\u00e4llainen mies ei kuitenkaan pakene, ei revi eik\u00e4 tuhoa, vaan rakentaa. Kansakuntaa koossa pit\u00e4neet arvot pit\u00e4\u00e4 nostaa uudelleen kunniaan. Ikeassa kokoontuva miesten kahviporukka tarttuu ohjaksiin.<br \/>\nL\u00e4hteek\u00f6 muutos alaviistoon katsovasta presidentist\u00e4, miehen kohtaamista mieleenpainuvista naisista vai it\u00e4rajan takaa?<br \/>\nVoiko kest\u00e4vi\u00e4 el\u00e4m\u00e4narvoja en\u00e4\u00e4 palauttaa?<\/p>\n<p>Teos on tietokirjailijana ja kustantajana tunnetun Kari Ojalan ensimm\u00e4inen romaani.<\/p>\n<h2>Mik\u00e4 on vanhan liiton mies?<\/h2>\n<p><i>Mik\u00e4 on vanhan liiton mies? Neuvostoliiton aikainen vai? Joka paikassa hoetaan tuota samaa. Vai onko se kerran eronnut?<\/i><br \/>\nvauva.fi 2010<\/p>\n<p><i>Vanhan liiton miehen tunnistaa aidosta asiasta \u2013 mustaksi v\u00e4rj\u00e4tyst\u00e4 kengurunnahasta.<\/i><br \/>\nKauppalehti 2014<\/p>\n<p><i>K\u00e4site vanhan liiton mies tupsahtelee t\u00e4\u00e4ll\u00e4 silloin t\u00e4ll\u00f6in. Mit\u00e4 se tarkoittaa? Kuulutko liittoon? Onko kriteerin\u00e4 jokin ik\u00e4raja vai jokin muu?<\/i><br \/>\nsexwork.net 2014<\/p>\n<p><i>Vanhan liiton mies tiirailee takan\u00e4ytt\u00f6\u00e4.<\/i><br \/>\nsulantoblogi.fi 2013<\/p>\n<p><i>Taas on hassu sanonta liikkeell\u00e4. Vanhan liiton mies tarkoittaa minun mielest\u00e4 Israelin kansan miespuolisia j\u00e4seni\u00e4.<\/i><br \/>\nkaleva.fi\/juttutupa 2011<\/p>\n","protected":false},"excerpt":{"rendered":"<p>Vanhan liiton mies EI SAATAVILLA Kirjoittaja: Kari Ojala Julkaistu: Elokuu 2015 E-kirjan julkaisija: Klaava Kustantaja: Etukeno Oy ISBN: 978-952-67354-4-3 (EPUB) 978-952-7074-49-7 (Apple EPUB) 978-952-7074-48-0 (Amazon Kindle) Suurikokoinen kansikuva t\u00e4st\u00e4. Kun mies ei en\u00e4\u00e4 kest\u00e4. T\u00f6yht\u00f6p\u00e4iset&hellip; <a href=\"https:\/\/klaava.fi\/?page_id=2567\">More<\/a><\/p>\n","protected":false},"author":2,"featured_media":0,"parent":0,"menu_order":0,"comment_status":"closed","ping_status":"open","template":"","meta":{"footnotes":""},"class_list":["post-2567","page","type-page","status-publish","hentry"],"_links":{"self":[{"href":"https:\/\/klaava.fi\/index.php?rest_route=\/wp\/v2\/pages\/2567","targetHints":{"allow":["GET"]}}],"collection":[{"href":"https:\/\/klaava.fi\/index.php?rest_route=\/wp\/v2\/pages"}],"about":[{"href":"https:\/\/klaava.fi\/index.php?rest_route=\/wp\/v2\/types\/page"}],"author":[{"embeddable":true,"href":"https:\/\/klaava.fi\/index.php?rest_route=\/wp\/v2\/users\/2"}],"replies":[{"embeddable":true,"href":"https:\/\/klaava.fi\/index.php?rest_route=%2Fwp%2Fv2%2Fcomments&post=2567"}],"version-history":[{"count":0,"href":"https:\/\/klaava.fi\/index.php?rest_route=\/wp\/v2\/pages\/2567\/revisions"}],"wp:attachment":[{"href":"https:\/\/klaava.fi\/index.php?rest_route=%2Fwp%2Fv2%2Fmedia&parent=2567"}],"curies":[{"name":"wp","href":"https:\/\/api.w.org\/{rel}","templated":true}]}}